). What is the greatest common factor of 31 and n?
1
Let u be (-316)/(-14) - 0 - 37*(-4)/(-259). What is the greatest common divisor of u and 446?
2
Suppose 19*n + 24*n = 1032. What is the greatest common divisor of n and 96?
24
Let t be ((-2)/10 + 1)*(-175)/(-10). Calculate the highest common factor of t and 5649.
7
Let b be ((175/14)/25)/(2/6372). Calculate the highest common divisor of 27 and b.
27
Suppose -15*o - 3*y + 42 = -13*o, -40 = -2*o - 4*y. What is the highest common divisor of 712 and o?
8
Let i(h) = 9*h - 7. Suppose 11 - 6 = 5*r. Let s be i(r). Let v be (-6)/(s - (-24)/(-11)). Calculate the highest common divisor of 22 and v.
11
Let u = 30513 - 24718. Calculate the greatest common divisor of u and 38.
19
Suppose 0 = -12*l + 308 - 128. Suppose -2*p - 6*k + 139 = -11*k, -l = -5*k. What is the highest common divisor of p and 56?
7
Let l = -276 - -58. Let q = l - -344. What is the greatest common divisor of 56 and q?
14
Let j(s) = 2*s**2 - 37*s + 263. Let p be j(16). Calculate the highest common divisor of 10797 and p.
183
Let m be 56 - 1 - (-1 - -2). Let q(j) = -j**3 + 7*j**2 + 3*j + 1. Let r be q(7). Suppose 54*y - r*y = 192. What is the greatest common factor of m and y?
6
Let r be 32/9 + 16/36. Suppose r*k + 364 = 2*n, -3*n + 4*k = 2*n - 904. Calculate the highest common divisor of 72 and n.
36
Let n = -3308 - -4008. Calculate the highest common factor of n and 756.
28
Let f = 255 - 30. Suppose 7*x = 27 + f. Calculate the greatest common factor of 15 and x.
3
Let b = -22 + 1. Let l = 39 + b. Suppose -34*q + 607 = -5. Calculate the greatest common divisor of l and q.
18
Let s be 3/(-21)*-48*(-182)/(-4). Let t = -278 + s. What is the greatest common factor of t and 272?
34
Suppose 25990 = 129*l + 2512. Calculate the greatest common divisor of 1547 and l.
91
Let g be 14/(-2) + 10 + -1. Suppose l - 3*l = -g*b - 258, -4 = b. Calculate the greatest common divisor of 150 and l.
25
Suppose 2*m + 2*w = 1425 - 121, -4*w - 16 = 0. Let s(a) = -5*a + 131. Let v be s(18). Calculate the greatest common factor of v and m.
41
Suppose 0 = 167*r - 152*r + 10 - 55. Calculate the greatest common factor of r and 13749.
3
Let o = 164 - 168. Let l be 26 + -6*o/(-6). Suppose 3*h + 4*x - 6 = 0, -8 + 2 = -3*h - 5*x. What is the highest common divisor of h and l?
2
Let n(c) = -79*c + 2. Let b be n(-4). Let h be (16/1)/(12/b). Let t = 6655 + -6602. Calculate the greatest common factor of h and t.
53
Let t = 3923 + -3887. Calculate the highest common factor of 624 and t.
12
Let t = -2764 - -2914. Calculate the greatest common divisor of t and 2050.
50
Let n(f) = -f**3 - 4*f**2 + 10*f - 9. Let b be n(-6). Let h(a) = 4*a**2 + 3*a. Let k be h(b). Let p = -21 + k. Calculate the highest common factor of 16 and p.
8
Let t = 104 + -104. Suppose -2*m - 6*m + 80 = t. Calculate the greatest common factor of 4 and m.
2
Suppose 808 = -2*w - m + 5*m, -2*w - 812 = -5*m. Let f be -2*w/(-3 + 6). Calculate the highest common divisor of 99 and f.
33
Suppose -104*c + 121*c = 5151. What is the greatest common divisor of 12 and c?
3
Suppose -3*v + 5*g = -3 + 15, -3*v - 9 = -4*g. Let c = 6 - v. Suppose -3*u + 2*y = -29, -14 = 2*u - 3*u + c*y. What is the highest common divisor of 6 and u?
3
Let u(y) = 39*y**2 - 223*y - 129. Let d be u(9). What is the highest common factor of d and 1488?
93
Let z = -588 + 350. Let t = z - -485. What is the highest common factor of t and 13?
13
Let c be 9/(-12) - (-174)/8. Let s(p) = c - 6*p - 4*p + 20*p - 8*p. Let m be s(5). What is the greatest common factor of 31 and m?
31
Let x = 118 + -108. Let l = 10 - -12. Let q = 3 + l. What is the greatest common divisor of q and x?
5
Let a(z) = -64*z - 5058. Let d be a(-81). What is the highest common divisor of 162 and d?
18
Suppose -731 = -9*n - 26*n + 2629. Calculate the highest common divisor of n and 18528.
96
Let o(g) = 4*g + 58. Let t be o(-12). Suppose 8*u = t*u - 2*i - 86, 2*i = 4*u - 182. What is the highest common divisor of 20 and u?
4
Suppose -2*x = -5*i + 32, x - 28 = -5*i - x. Suppose -m = 2*c - i*m - 645, -3*m = 9. Suppose -c = -6*s - 117. Calculate the highest common factor of 44 and s.
11
Let m(k) = -k**2 - 6*k. Let q be m(-6). Suppose -2*u - 3 + 7 = q. Let i = 2231 - 2230. Calculate the greatest common factor of i and u.
1
Let u(c) = 55*c**2 + 140*c - 7. Let g be u(-7). What is the greatest common divisor of 70 and g?
14
Let s be -1 - ((-10)/5 - (-4 - -2)). Let w be 117 + (-11 + 12 - 3*s). Calculate the greatest common divisor of 55 and w.
11
Suppose 168*x - 7200 = 156*x. What is the greatest common divisor of 312 and x?
24
Let c(y) = -y**3 - 14*y**2 - 42*y + 43. Let p be c(-11). Calculate the highest common divisor of 2627 and p.
71
Let n(k) = -k**3 - 7*k**2 + 26*k + 13. Let q be n(-10). Calculate the greatest common factor of 159 and q.
53
Let t(p) = -p**3 + 4*p**2 + 3*p - 2. Let c be t(3). Let k = -214859 + 214887. What is the greatest common factor of c and k?
4
Let b = 6879 - 6672. What is the highest common divisor of b and 437?
23
Let r(j) be the second derivative of 5*j**4/12 + 17*j**3/3 - 5*j**2 + 118*j. Let b be r(-8). Calculate the highest common factor of b and 19.
19
Suppose -3*o = 3*y - 21, 2*o - 3 = 5*o - 5*y. Suppose 138 = o*b + 3*c, 5*c - c - 172 = -5*b. What is the greatest common factor of 12 and b?
12
Let k(b) = -b**2 + 3*b + 19. Let i be k(6). Let n(z) = 121*z - 6. Let p be n(i). Let x = p - 91. Calculate the greatest common factor of x and 48.
24
Let j be 40/(-50)*(-10)/(-4). Let m be (2 - (-70)/5)*(-1)/j. Suppose 2*p - m = 58. What is the greatest common factor of 264 and p?
33
Suppose 5*h + 402 - 87 = 3*n, 5*h - 420 = -4*n. Let u be (-23 - (-1045)/45) + -3 + (-160)/(-9). Calculate the greatest common factor of u and n.
15
Let s(a) = 17*a + 609. Let i be s(-29). What is the greatest common factor of 1334 and i?
58
Let f(i) = -2*i + 49. Let t be f(0). Suppose -45*y + t*y - 800 = 0. Calculate the greatest common factor of 8 and y.
8
Let l be 33/(-9) - (-21)/(-9) - (-80)/2. Calculate the highest common divisor of l and 357.
17
Let d be 2/4 - 500/(-40). Calculate the highest common divisor of 416 and d.
13
Let y = 3 - -2. Suppose 4*q = 4*u - 2252, -2664 = -4*u - q - 437. Let r = -518 + u. What is the highest common divisor of r and y?
5
Let k(y) = 3*y**3 - 3*y**2 + 6*y - 9. Let d be k(3). Let j be (d/27)/(1/12). What is the greatest common divisor of 70 and j?
14
Let k = -1 - -3. Suppose -z + 7 = 5*w - 51, -w - 5*z = -2. Suppose 5 = -3*m - 7, -5*y = 2*m - w. Calculate the highest common divisor of y and k.
2
Let q = 1 + 0. Let o(s) = 18*s**2 - s + 1. Let u be o(q). Suppose -12*t + a = -11*t - 151, t = 2*a + 158. Calculate the greatest common divisor of u and t.
18
Let a(h) = 136*h**2 + 23*h + 33. Let p be a(-5). Calculate the greatest common factor of p and 126.
42
Suppose -2*o + 5*p = 30 - 94, -175 = -5*o + 5*p. Let s be ((-2)/2)/(3 - 28/9). Let a = o - s. What is the highest common divisor of a and 196?
28
Suppose 14*w - 41 = -13. Suppose -2*m = -c, 2*c - 18 = -w*c + 2*m. Calculate the highest common factor of c and 27.
3
Let j be (6/(-1))/(15/760). Let t be 1 + j/(-6) - (-13)/39. Calculate the greatest common factor of t and 52.
52
Suppose 0 = 3*h - 40 - 14. Suppose 3*m + j = -5, j = -3*m + m - 5. Suppose -i = -h - m. Calculate the highest common factor of i and 162.
18
Let p = 965 - 114. What is the highest common factor of 23 and p?
23
Let j(s) = s**3 + 35*s**2 - 49*s - 419. Let z be j(-36). Calculate the greatest common divisor of 651 and z.
7
Let b = -43 + 109. Let q = b + -10. Calculate the greatest common divisor of q and 8.
8
Let o = 9 + -5. Let t be (56/12 - o)*-9. Let a be t/(-30) - (-192)/15. Calculate the highest common factor of a and 13.
13
Let u(g) = -2*g**2 + 26*g - 26. Suppose -2*c + 9 = -13. Let p be u(c). What is the highest common divisor of 27 and p?
9
Suppose 0*p = -p + 17. Suppose 13*n - p*n + 260 = 0. Suppose -5*y = k - n, -3*k + 2*y = 2*k - 217. Calculate the highest common divisor of 18 and k.
9
Let v(h) = -4*h - 24. Let u be v(-7). Suppose -3*b = -u*b + 20. Suppose b = i - 2*t, -2*i + 4*t - 80 = -4*i. What is the highest common divisor of 75 and i?
15
Suppose 0 = m + 2*r - 814, 5*m - 2424 = 2*r + 1586. What is the highest common factor